{"id":2,"date":"2016-05-10T03:48:21","date_gmt":"2016-05-10T03:48:21","guid":{"rendered":"http:\/\/agenturfotografin.de\/?page_id=2"},"modified":"2024-01-26T17:14:36","modified_gmt":"2024-01-26T16:14:36","slug":"sample-page","status":"publish","type":"page","link":"https:\/\/agenturfotografin.de\/","title":{"rendered":"\u00dcber mich"},"content":{"rendered":"\n<div class=\"wp-block-image\"><figure class=\"alignleft size-large\"><img loading=\"lazy\" decoding=\"async\" width=\"800\" height=\"541\" src=\"https:\/\/agenturfotografin.de\/wp-content\/uploads\/2020\/03\/2016_3520y_Homepage-1.jpg\" alt=\"\" class=\"wp-image-11\" srcset=\"https:\/\/agenturfotografin.de\/wp-content\/uploads\/2020\/03\/2016_3520y_Homepage-1.jpg 800w, https:\/\/agenturfotografin.de\/wp-content\/uploads\/2020\/03\/2016_3520y_Homepage-1-300x203.jpg 300w, https:\/\/agenturfotografin.de\/wp-content\/uploads\/2020\/03\/2016_3520y_Homepage-1-768x519.jpg 768w\" sizes=\"auto, (max-width: 800px) 100vw, 800px\" \/><\/figure><\/div>\n\n\n\n<p class=\"has-text-color\" style=\"color:#0423c1;font-size:15px\"><strong>Hallo\nund herzlich willkommen auf meiner Webseite!<\/strong><\/p>\n\n\n\n<p class=\"has-text-color\" style=\"color:#0423c1;font-size:15px\">Ich\nhei\u00dfe Anja Sch\u00e4fer und fotografiere in Hamburg f\u00fcr sogenannte\nBild- oder Fotoagenturen. Diese verf\u00fcgen \u00fcber umfangreiche\nFoto-Datenbanken und vertreiben die Nutzungsrechte der dort\nangebotenen Fotografien gegen eine Lizenzgeb\u00fchr an ihre Kunden \u2013\nvor allem an Werbeagenturen, Zeitschriften, Zeitungen und Buchverlage\n\u2013 aber genauso auch an Privatpersonen. Wenn also beispielsweise\neine Krankenkasse in ihrer n\u00e4chsten Mitgliederzeitschrift einen\nBeitrag \u00fcber Heuschnupfen abdrucken m\u00f6chte, will der Redakteur zur\nBebilderung vielleicht das Foto einer niesenden Frau und ein Bild von\neinem bl\u00fchenden Obstbaum im Fr\u00fchling benutzen.<\/p>\n\n\n\n<p class=\"has-text-color\" style=\"color:#0423c1;font-size:15px\">Wenn man daf\u00fcr nun extra einen Fotografen beauftragen w\u00fcrde, der wiederum eine Frau als \u201eModel\u201c bucht, damit sie ein paar Mal ins Taschentuch niest, w\u00fcrde das die Krankenkasse relativ viel Geld kosten. Noch viel teurer w\u00e4re es nat\u00fcrlich, wenn jemand im Januar das Foto eines bl\u00fchenden Obstbaumes schie\u00dfen soll. Selbstverst\u00e4ndlich ist es da viel g\u00fcnstiger, wenn man auf schon vorhandenes Bildmaterial zur\u00fcckgreifen kann. Solche \u201evorgefertigten\u201c Bilder bieten eine gro\u00dfe Anzahl verschiedener Fotoagenturen in gro\u00dfer Auswahl.<\/p>\n\n\n\n<p class=\"has-text-color\" style=\"color:#0423c1;font-size:15px\">Diese Art der Fotografie nennt man \u201eAgentur-\u201c oder \u201eStockfotografie\u201c vom englischen Ausdruck \u201eto have in stock\u201c, was soviel bedeutet, wie \u201eauf Lager haben\u201c. Da ich als Fotografin meine Fotos \u00fcber diese Agenturen anbiete, habe ich meine Seite \u201eAgenturfotografin\u201c genannt.<\/p>\n\n\n\n<p class=\"has-text-color\" style=\"color:#0423c1;font-size:15px\">Ich \u00fcberlege mir selbst, was f\u00fcr Themen in der n\u00e4chsten Zeit wohl gefragt sind, plane die entsprechenden Fotos, buche ein passendes Model, und besorge eventuell noch n\u00f6tige Requisiten. Nach dem Fotoshooting bearbeite ich die ausgew\u00e4hlten Dateien, betexte sie, und lade sie dann bei den Agenturen hoch. Zum Schluss entscheiden die Agenturen, welche der Dateien sie verkaufen m\u00f6chten. Das unterscheidet sich von Agentur zu Agentur, deshalb sind meine Portfolios jeweils leicht unterschiedlich. Als Beispiel finden Sie hier mein <a rel=\"noreferrer noopener\" aria-label=\" (\u00f6ffnet in neuem Tab)\" href=\"https:\/\/stock.adobe.com\/de\/contributor\/203946324\/agenturfotografin?as_campaign=ftmigration2&amp;as_channel=dpcft&amp;as_campclass=brand&amp;as_source=ft_web&amp;as_camptype=acquisition&amp;as_audience=users&amp;as_content=closure_contributor-page\" target=\"_blank\">Portfolio<\/a> bei Adobe Stock.  <\/p>\n\n\n\n<p class=\"has-text-color\" style=\"color:#0423c1;font-size:15px\">Die\nAgenturen \u00fcber die ich Fotos verkaufe sind:<\/p>\n\n\n\n<ul class=\"wp-block-list\" style=\"font-size:15px\"><li> <a rel=\"noreferrer noopener\" href=\"https:\/\/stock.adobe.com\/de\/contributor\/203946324\/agenturfotografin?as_campaign=ftmigration2&amp;as_channel=dpcft&amp;as_campclass=brand&amp;as_source=ft_web&amp;as_camptype=acquisition&amp;as_audience=users&amp;as_content=closure_contributor-page\" target=\"_blank\">www.adobestock.com<\/a> <\/li><li> <a rel=\"noreferrer noopener\" aria-label=\" (\u00f6ffnet in neuem Tab)\" href=\"https:\/\/www.shutterstock.com\/g\/Agenturfotografin?rid=2007791&amp;utm_medium=email&amp;utm_source=ctrbreferral-link\" target=\"_blank\">www.shutterstock.com<\/a> <\/li><li> <a rel=\"noreferrer noopener\" aria-label=\" (\u00f6ffnet in neuem Tab)\" href=\"https:\/\/www.dreamstime.com\/Agenturfotografin_info#res6834063\" target=\"_blank\">de.dreamstime.com<\/a> <\/li><li> <a href=\"https:\/\/www.alamy.de\/search\/imageresults.aspx?pseudoid=%7BC26CAD30-BEA4-4E71-A426-349635114698%7D&amp;name=Anja+Schaefer&amp;st=11&amp;mode=0&amp;comp=1\">www.alamy.de<\/a> <\/li><\/ul>\n","protected":false},"excerpt":{"rendered":"<p>Hallo und herzlich willkommen auf meiner Webseite! Ich hei\u00dfe Anja Sch\u00e4fer und fotografiere in Hamburg f\u00fcr sogenannte Bild- oder Fotoagenturen. Diese verf\u00fcgen \u00fcber umfangreiche Foto-Datenbanken und vertreiben die Nutzungsrechte der dort angebotenen Fotografien gegen eine Lizenzgeb\u00fchr an ihre Kunden \u2013 vor allem an Werbeagenturen, Zeitschriften, Zeitungen und Buchverlage \u2013 aber genauso auch an Privatpersonen. Wenn [&hellip;]<\/p>\n","protected":false},"author":1,"featured_media":0,"parent":0,"menu_order":0,"comment_status":"closed","ping_status":"open","template":"","meta":{"footnotes":""},"class_list":["post-2","page","type-page","status-publish","hentry"],"_links":{"self":[{"href":"https:\/\/agenturfotografin.de\/index.php?rest_route=\/wp\/v2\/pages\/2","targetHints":{"allow":["GET"]}}],"collection":[{"href":"https:\/\/agenturfotografin.de\/index.php?rest_route=\/wp\/v2\/pages"}],"about":[{"href":"https:\/\/agenturfotografin.de\/index.php?rest_route=\/wp\/v2\/types\/page"}],"author":[{"embeddable":true,"href":"https:\/\/agenturfotografin.de\/index.php?rest_route=\/wp\/v2\/users\/1"}],"replies":[{"embeddable":true,"href":"https:\/\/agenturfotografin.de\/index.php?rest_route=%2Fwp%2Fv2%2Fcomments&post=2"}],"version-history":[{"count":19,"href":"https:\/\/agenturfotografin.de\/index.php?rest_route=\/wp\/v2\/pages\/2\/revisions"}],"predecessor-version":[{"id":136,"href":"https:\/\/agenturfotografin.de\/index.php?rest_route=\/wp\/v2\/pages\/2\/revisions\/136"}],"wp:attachment":[{"href":"https:\/\/agenturfotografin.de\/index.php?rest_route=%2Fwp%2Fv2%2Fmedia&parent=2"}],"curies":[{"name":"wp","href":"https:\/\/api.w.org\/{rel}","templated":true}]}}