{"id":21,"date":"2020-03-12T17:46:57","date_gmt":"2020-03-12T16:46:57","guid":{"rendered":"http:\/\/agenturfotografin.de\/?page_id=21"},"modified":"2022-02-08T19:25:17","modified_gmt":"2022-02-08T18:25:17","slug":"impressum","status":"publish","type":"page","link":"https:\/\/agenturfotografin.de\/?page_id=21","title":{"rendered":"Impressum"},"content":{"rendered":"\n<p class=\"has-text-color\" style=\"color:#0423c1;font-size:15px\">Anja\nSch\u00e4fer<\/p>\n\n\n\n<p class=\"has-text-color\" style=\"color:#0423c1;font-size:15px\">Finkenau\n17<\/p>\n\n\n\n<p class=\"has-text-color\" style=\"color:#0423c1;font-size:15px\">22081\nHamburg<\/p>\n\n\n\n<p class=\"has-text-color\" style=\"color:#0423c1;font-size:15px\">Telefon:\n+49 (0)40 2273693<\/p>\n\n\n\n<p class=\"has-text-color\" style=\"color:#0423c1;font-size:15px\">Email:\u00a0\u00a0 mails\u201cat\u201cagenturfotografin.de\u00a0\u00a0\u00a0 <strong>(Bitte das \u201eat\u201c mit dem Klammeraffen ersetzen!)<\/strong><\/p>\n\n\n\n<p class=\"has-text-color\" style=\"color:#0423c1;font-size:15px\">Internet:\n<a href=\"http:\/\/www.agenturfotografin.de\/\">www.agenturfotografin.de<\/a><\/p>\n\n\n\n<p class=\"has-text-color\" style=\"color:#0423c1;font-size:15px\">Umsatzsteuer-Identifikationsnummer gem\u00e4\u00df \u00a7 27 a Umsatzsteuergesetz: <\/p>\n\n\n\n<p class=\"has-text-color\" style=\"color:#0423c1;font-size:15px\">DE 285 529 776<\/p>\n\n\n\n<p><\/p>\n\n\n\n<p class=\"has-vivid-cyan-blue-color has-text-color\" style=\"font-size:15px\">Copyright: S\u00e4mtliche Fotografien auf dieser Internetseite sind genauso urheberrechtlich gesch\u00fctzt wie die schriftlichen Inhalte. Downloads und Kopien dieser Seite sind nur f\u00fcr den rein privaten Gebrauch gestattet. Somit ist eine Ver\u00f6ffentlichung im Internet untersagt \u2013 v\u00f6llig unabh\u00e4ngig davon, um was f\u00fcr eine Seite, oder um welches (soziale) Netzwerk es sich handelt. Ausdr\u00fccklich verboten ist au\u00dferdem jegliche kommerzielle (das hei\u00dft, auf die Erzielung von Einkommen ausgerichtete) Verwendung.<\/p>\n\n\n\n<p class=\"has-vivid-cyan-blue-color has-text-color\" style=\"font-size:15px\">Die\nVervielf\u00e4ltigung, Bearbeitung, Verbreitung, Ver\u00f6ffentlichung und\njede Art der Verwertung au\u00dferhalb der Grenzen des Urheberrechtes\nbed\u00fcrfen zwingend meiner schriftlichen Zustimmung.<\/p>\n\n\n\n<p><\/p>\n\n\n\n<p class=\"has-text-color\" style=\"color:#0423c1;font-size:15px\">Haftungshinweis: Trotz sorgf\u00e4ltiger inhaltlicher Kontrolle \u00fcbernehme ich keine Haftung f\u00fcr die Inhalte externer Links. F\u00fcr den Inhalt der verlinkten Seiten sind ausschlie\u00dflich deren Betreiber verantwortlich.<\/p>\n","protected":false},"excerpt":{"rendered":"<p>Anja Sch\u00e4fer Finkenau 17 22081 Hamburg Telefon: +49 (0)40 2273693 Email:\u00a0\u00a0 mails\u201cat\u201cagenturfotografin.de\u00a0\u00a0\u00a0 (Bitte das \u201eat\u201c mit dem Klammeraffen ersetzen!) Internet: www.agenturfotografin.de Umsatzsteuer-Identifikationsnummer gem\u00e4\u00df \u00a7 27 a Umsatzsteuergesetz: DE 285 529 776 Copyright: S\u00e4mtliche Fotografien auf dieser Internetseite sind genauso urheberrechtlich gesch\u00fctzt wie die schriftlichen Inhalte. Downloads und Kopien dieser Seite sind nur f\u00fcr den rein [&hellip;]<\/p>\n","protected":false},"author":1,"featured_media":0,"parent":0,"menu_order":5,"comment_status":"closed","ping_status":"closed","template":"","meta":{"footnotes":""},"class_list":["post-21","page","type-page","status-publish","hentry"],"_links":{"self":[{"href":"https:\/\/agenturfotografin.de\/index.php?rest_route=\/wp\/v2\/pages\/21","targetHints":{"allow":["GET"]}}],"collection":[{"href":"https:\/\/agenturfotografin.de\/index.php?rest_route=\/wp\/v2\/pages"}],"about":[{"href":"https:\/\/agenturfotografin.de\/index.php?rest_route=\/wp\/v2\/types\/page"}],"author":[{"embeddable":true,"href":"https:\/\/agenturfotografin.de\/index.php?rest_route=\/wp\/v2\/users\/1"}],"replies":[{"embeddable":true,"href":"https:\/\/agenturfotografin.de\/index.php?rest_route=%2Fwp%2Fv2%2Fcomments&post=21"}],"version-history":[{"count":14,"href":"https:\/\/agenturfotografin.de\/index.php?rest_route=\/wp\/v2\/pages\/21\/revisions"}],"predecessor-version":[{"id":128,"href":"https:\/\/agenturfotografin.de\/index.php?rest_route=\/wp\/v2\/pages\/21\/revisions\/128"}],"wp:attachment":[{"href":"https:\/\/agenturfotografin.de\/index.php?rest_route=%2Fwp%2Fv2%2Fmedia&parent=21"}],"curies":[{"name":"wp","href":"https:\/\/api.w.org\/{rel}","templated":true}]}}