{"id":65,"date":"2020-03-13T13:37:06","date_gmt":"2020-03-13T12:37:06","guid":{"rendered":"http:\/\/agenturfotografin.de\/?page_id=65"},"modified":"2020-03-13T13:40:30","modified_gmt":"2020-03-13T12:40:30","slug":"datenschutz","status":"publish","type":"page","link":"https:\/\/agenturfotografin.de\/?page_id=65","title":{"rendered":"Datenschutz"},"content":{"rendered":"\n<h2 class=\"wp-block-heading\">Wer wir sind<\/h2>\n\n\n\n<p>Die Adresse unserer Website ist: http:\/\/agenturfotografin.de.<\/p>\n\n\n\n<h2 class=\"wp-block-heading\">Welche personenbezogenen Daten wir sammeln und warum wir sie sammeln<\/h2>\n\n\n\n<h3 class=\"wp-block-heading\">Kommentare<\/h3>\n\n\n\n<p>Wenn\n Besucher Kommentare auf der Website schreiben, sammeln wir die Daten, \ndie im Kommentar-Formular angezeigt werden, au\u00dferdem die IP-Adresse des \nBesuchers und den User-Agent-String (damit wird der Browser \nidentifiziert), um die Erkennung von Spam zu unterst\u00fctzen.<\/p>\n\n\n\n<p>Aus \ndeiner E-Mail-Adresse kann eine anonymisierte Zeichenfolge erstellt \n(auch Hash genannt) und dem Gravatar-Dienst \u00fcbergeben werden, um zu \npr\u00fcfen, ob du diesen benutzt. Die Datenschutzerkl\u00e4rung des \nGravatar-Dienstes findest du hier: https:\/\/automattic.com\/privacy\/. \nNachdem dein Kommentar freigegeben wurde, ist dein Profilbild \u00f6ffentlich\n im Kontext deines Kommentars sichtbar.<\/p>\n\n\n\n<h3 class=\"wp-block-heading\">Medien<\/h3>\n\n\n\n<p>Wenn\n du ein registrierter Benutzer bist und Fotos auf diese Website l\u00e4dst, \nsolltest du vermeiden, Fotos mit einem EXIF-GPS-Standort hochzuladen. \nBesucher dieser Website k\u00f6nnten Fotos, die auf dieser Website \ngespeichert sind, herunterladen und deren Standort-Informationen \nextrahieren.<\/p>\n\n\n\n<h3 class=\"wp-block-heading\">Kontaktformulare<\/h3>\n\n\n\n<h3 class=\"wp-block-heading\">Cookies<\/h3>\n\n\n\n<p>Wenn\n du einen Kommentar auf unserer Website schreibst, kann das eine \nEinwilligung sein, deinen Namen, E-Mail-Adresse und Website in Cookies \nzu speichern. Dies ist eine Komfortfunktion, damit du nicht, wenn du \neinen weiteren Kommentar schreibst, all diese Daten erneut eingeben \nmusst. Diese Cookies werden ein Jahr lang gespeichert.<\/p>\n\n\n\n<p>Falls du \nein Konto hast und dich auf dieser Website anmeldest, werden wir ein \ntempor\u00e4res Cookie setzen, um festzustellen, ob dein Browser Cookies \nakzeptiert. Dieses Cookie enth\u00e4lt keine personenbezogenen Daten und wird\n verworfen, wenn du deinen Browser schlie\u00dft.<\/p>\n\n\n\n<p>Wenn du dich \nanmeldest, werden wir einige Cookies einrichten, um deine \nAnmeldeinformationen und Anzeigeoptionen zu speichern. Anmelde-Cookies \nverfallen nach zwei Tagen und Cookies f\u00fcr die Anzeigeoptionen nach einem\n Jahr. Falls du bei der Anmeldung \u201eAngemeldet bleiben\u201c ausw\u00e4hlst, wird \ndeine Anmeldung zwei Wochen lang aufrechterhalten. Mit der Abmeldung aus\n deinem Konto werden die Anmelde-Cookies gel\u00f6scht.<\/p>\n\n\n\n<p>Wenn du einen \nArtikel bearbeitest oder ver\u00f6ffentlichst, wird ein zus\u00e4tzlicher Cookie \nin deinem Browser gespeichert. Dieser Cookie enth\u00e4lt keine \npersonenbezogenen Daten und verweist nur auf die Beitrags-ID des \nArtikels, den du gerade bearbeitet hast. Der Cookie verf\u00e4llt nach einem \nTag.<\/p>\n\n\n\n<h3 class=\"wp-block-heading\">Eingebettete Inhalte von anderen Websites<\/h3>\n\n\n\n<p>Beitr\u00e4ge\n auf dieser Website k\u00f6nnen eingebettete Inhalte beinhalten (z.&nbsp;B. \nVideos, Bilder, Beitr\u00e4ge etc.). Eingebettete Inhalte von anderen \nWebsites verhalten sich exakt so, als ob der Besucher die andere Website\n besucht h\u00e4tte.<\/p>\n\n\n\n<p>Diese Websites k\u00f6nnen Daten \u00fcber dich sammeln, \nCookies benutzen, zus\u00e4tzliche Tracking-Dienste von Dritten einbetten und\n deine Interaktion mit diesem eingebetteten Inhalt aufzeichnen, \ninklusive deiner Interaktion mit dem eingebetteten Inhalt, falls du ein \nKonto hast und auf dieser Website angemeldet bist.<\/p>\n\n\n\n<h3 class=\"wp-block-heading\">Analysedienste<\/h3>\n\n\n\n<h2 class=\"wp-block-heading\">Mit wem wir deine Daten teilen<\/h2>\n\n\n\n<h2 class=\"wp-block-heading\">Wie lange wir deine Daten speichern<\/h2>\n\n\n\n<p>Wenn\n du einen Kommentar schreibst, wird dieser inklusive Metadaten zeitlich \nunbegrenzt gespeichert. Auf diese Art k\u00f6nnen wir Folgekommentare \nautomatisch erkennen und freigeben, anstelle sie in einer \nModerations-Warteschlange festzuhalten.<\/p>\n\n\n\n<p>F\u00fcr Benutzer, die sich auf\n unserer Website registrieren, speichern wir zus\u00e4tzlich die pers\u00f6nlichen\n Informationen, die sie in ihren Benutzerprofilen angeben. Alle Benutzer\n k\u00f6nnen jederzeit ihre pers\u00f6nlichen Informationen einsehen, ver\u00e4ndern \noder l\u00f6schen (der Benutzername kann nicht ver\u00e4ndert werden). \nAdministratoren der Website k\u00f6nnen diese Informationen ebenfalls \neinsehen und ver\u00e4ndern.<\/p>\n\n\n\n<h2 class=\"wp-block-heading\">Welche Rechte du an deinen Daten hast<\/h2>\n\n\n\n<p>Wenn\n du ein Konto auf dieser Website besitzt oder Kommentare geschrieben \nhast, kannst du einen Export deiner personenbezogenen Daten bei uns \nanfordern, inklusive aller Daten, die du uns mitgeteilt hast. Dar\u00fcber \nhinaus kannst du die L\u00f6schung aller personenbezogenen Daten, die wir von\n dir gespeichert haben, anfordern. Dies umfasst nicht die Daten, die wir\n aufgrund administrativer, rechtlicher oder sicherheitsrelevanter \nNotwendigkeiten aufbewahren m\u00fcssen.<\/p>\n\n\n\n<h2 class=\"wp-block-heading\">Wohin wir deine Daten senden<\/h2>\n\n\n\n<p>Besucher-Kommentare k\u00f6nnten von einem automatisierten Dienst zur Spam-Erkennung untersucht werden.<\/p>\n\n\n\n<h2 class=\"wp-block-heading\">Deine Kontakt-Informationen<\/h2>\n\n\n\n<h2 class=\"wp-block-heading\">Weitere Informationen<\/h2>\n\n\n\n<h3 class=\"wp-block-heading\">Wie wir deine Daten sch\u00fctzen<\/h3>\n\n\n\n<h3 class=\"wp-block-heading\">Welche Ma\u00dfnahmen wir bei Datenschutzverletzungen anbieten<\/h3>\n\n\n\n<h3 class=\"wp-block-heading\">Von welchen Drittanbietern wir Daten erhalten<\/h3>\n\n\n\n<h3 class=\"wp-block-heading\">Welche automatisierte Entscheidungsfindung und\/oder Profilerstellung wir mit Benutzerdaten durchf\u00fchren<\/h3>\n\n\n\n<h3 class=\"wp-block-heading\">Vorausgesetzte Offenlegungspflichten der Industrie<\/h3>\n","protected":false},"excerpt":{"rendered":"<p>Wer wir sind Die Adresse unserer Website ist: http:\/\/agenturfotografin.de. Welche personenbezogenen Daten wir sammeln und warum wir sie sammeln Kommentare Wenn Besucher Kommentare auf der Website schreiben, sammeln wir die Daten, die im Kommentar-Formular angezeigt werden, au\u00dferdem die IP-Adresse des Besuchers und den User-Agent-String (damit wird der Browser identifiziert), um die Erkennung von Spam zu [&hellip;]<\/p>\n","protected":false},"author":1,"featured_media":0,"parent":0,"menu_order":5,"comment_status":"closed","ping_status":"closed","template":"","meta":{"footnotes":""},"class_list":["post-65","page","type-page","status-publish","hentry"],"_links":{"self":[{"href":"https:\/\/agenturfotografin.de\/index.php?rest_route=\/wp\/v2\/pages\/65","targetHints":{"allow":["GET"]}}],"collection":[{"href":"https:\/\/agenturfotografin.de\/index.php?rest_route=\/wp\/v2\/pages"}],"about":[{"href":"https:\/\/agenturfotografin.de\/index.php?rest_route=\/wp\/v2\/types\/page"}],"author":[{"embeddable":true,"href":"https:\/\/agenturfotografin.de\/index.php?rest_route=\/wp\/v2\/users\/1"}],"replies":[{"embeddable":true,"href":"https:\/\/agenturfotografin.de\/index.php?rest_route=%2Fwp%2Fv2%2Fcomments&post=65"}],"version-history":[{"count":2,"href":"https:\/\/agenturfotografin.de\/index.php?rest_route=\/wp\/v2\/pages\/65\/revisions"}],"predecessor-version":[{"id":68,"href":"https:\/\/agenturfotografin.de\/index.php?rest_route=\/wp\/v2\/pages\/65\/revisions\/68"}],"wp:attachment":[{"href":"https:\/\/agenturfotografin.de\/index.php?rest_route=%2Fwp%2Fv2%2Fmedia&parent=65"}],"curies":[{"name":"wp","href":"https:\/\/api.w.org\/{rel}","templated":true}]}}